se -i*k = -4*k + 356. Is k a prime number?
False
Let n(a) = 25*a**3 - 4*a**2 + 8*a - 45. Is n(4) composite?
False
Is -4 - (4 + -6 - 2635) a composite number?
False
Suppose -4*r + y = -2258, -11*r = -8*r + 3*y - 1701. Suppose 6*s - r = 17. Is s composite?
False
Let y be (-7 - -6)/((-2)/(-4)). Is (16/(-24))/(y/2235) prime?
False
Let v(z) = 1543*z - 2. Let o = 79 + -78. Is v(o) a composite number?
True
Let f be (-8)/(-20)*1*5. Let g(u) = 8*u - 5. Let y(q) = -8*q + 4. Let v(p) = f*g(p) + 3*y(p). Is v(-10) composite?
True
Suppose -4*w + m + 2715 = -6454, 0 = w - 3*m - 2284. Is w prime?
True
Let g(j) = 3*j - 3. Let x be g(3). Suppose -3*z + 39 = -2*f + 17, 5*z - 2*f - 42 = 0. Suppose -2*o = -z, -o + x*o = -5*q + 660. Is q prime?
True
Suppose -v - 17 - 18 = -3*t, 0 = -4*t - 2*v + 50. Let d(p) = 2*p - 10. Let w be d(t). Is 1285/35 - (-4)/w a composite number?
False
Suppose 4 = 3*q - 2. Let v(z) = 9*z - 2*z**2 - 5 - 1 + 2*z**q + 4*z**2. Is v(-7) composite?
False
Let h(v) be the second derivative of 2*v**4 + 5*v**3/6 - 3*v**2 + 16*v. Is h(-9) a composite number?
True
Let p(m) = -m**2 + 7*m - 2. Let a be p(6). Suppose -3*h + 14963 = -a*w, 4*h + 5*w + 13050 - 32980 = 0. Suppose 4*l + l - h = 0. Is l a prime number?
True
Suppose -3*m + 4415 = -3*u - u, 5*m - 5*u - 7365 = 0. Is m a prime number?
False
Let w(m) = -7*m**3 - 7*m**2 + 5*m + 10. Let i(v) = -8*v**3 - 7*v**2 + 6*v + 9. Let y(b) = -2*i(b) + 3*w(b). Is y(-5) prime?
False
Suppose j + 3*o - 6590 = 0, -17*j = -22*j - 4*o + 32983. Is j prime?
True
Let a = -1371 - 1007. Let x = 4687 + a. Is x a prime number?
True
Let k = 40 - 42. Is (k - 20/(-12))/(1/(-10371)) a prime number?
True
Suppose l - 2*h - 5 + 1 = 0, 5*l - 44 = 4*h. Let d = l + 127. Is d a prime number?
True
Let p(s) = 10*s**3 - 18*s**2 + 60*s - 17. Is p(12) composite?
False
Suppose 25*y = 22*y - 4*f + 16913, -f = -3*y + 16918. Is y prime?
True
Suppose 1 = -5*a + 16. Suppose -268 + 2560 = a*t. Suppose 2*w + t = 6*w. Is w prime?
True
Let u = 8759 + -4963. Let d = -2061 + u. Is d a composite number?
True
Suppose -3*v + 101839 = 3*c + 2*c, -4*c + v + 81478 = 0. Is c prime?
True
Let q(w) = 119*w**3 + 3*w**2 + 10*w - 4. Let u be q(4). Suppose -3*b = -5*h - 0*b + u, -5*h = 5*b - 7740. Is h a prime number?
True
Let d = -14 + 21. Let u be ((-16)/4 + 6)*d. Suppose 17*i - 471 = u*i. Is i prime?
True
Let c = -23 - -28. Suppose 793 = c*l + 158. Is l prime?
True
Let s = -29 + 28. Let m(a) = -888*a**3 + 4*a + 3. Is m(s) composite?
False
Let z = -35 - -41. Is z/8 + (-665)/(-4) prime?
True
Suppose 4*p + 4927 = i, -4*p + 13 - 1 = 0. Is i a prime number?
False
Suppose 1187 = -j + 4700. Is j prime?
False
Let l = -86 + 90. Suppose 5*b - 3817 - 848 = -l*k, 1849 = 2*b + 5*k. Is b prime?
True
Is (4*4/48)/(9/826902) a prime number?
False
Suppose 0 = 34*z - 91538 - 19880. Is z a composite number?
True
Suppose 5*g - g + 332 = 0. Suppose -3*u = -j + 7, 0*u + 5*j + 4 = 2*u. Is g*(u - (-2)/1) prime?
True
Let d(u) = -2824*u - 143. Is d(-3) a prime number?
True
Let o(f) = f**3 - 6*f + 17539. Is o(0) prime?
True
Is ((-57)/(-38))/(3/18484) a composite number?
True
Let z(q) = -q**3 + 7*q**2 + 9*q + 4. Let x = 35 + -23. Let s be (28/(-6))/(x/(-18)). Is z(s) prime?
True
Let d(x) = -1106*x - 421. Is d(-19) a prime number?
True
Let u = 122864 + -41533. Is u prime?
True
Let j(s) = 122*s**2 + 8*s + 19. Is j(5) a prime number?
True
Suppose 0 = -4*d + 2*d + 40. Suppose 4*k + d = 8*k. Suppose 3*p = k*p - 14. Is p composite?
False
Suppose g + 8 = -i - 4*i, -5*g + 4*i = 11. Is (-336)/(0 - -3)*-10 + g a composite number?
False
Let s be -3*(14/(-6))/7. Is (-51168)/(-130) + s/(-5)*-2 composite?
True
Let i(g) = g**3 + 6*g**2 + 7*g + 5. Let b be i(-4). Suppose b*r = 6*r + 9. Suppose -3*u = r*z - 1899, 3*u + 1020 + 1498 = 4*z. Is z a composite number?
False
Let f be -1 + (2 - 24/(-2)). Let x = -15 + f. Is ((-1)/x)/(6/7860) a composite number?
True
Let l(g) be the third derivative of 7*g**6/4 + g**5/60 - g**2. Let u(v) = v**2 + 6*v + 1. Let s be u(-6). Is l(s) a prime number?
True
Let o = -7701 + 12628. Is o a prime number?
False
Suppose -3*h + 3*m - 2*m - 369 = 0, -5*m = 0. Let a = h - -200. Is a a composite number?
True
Let p = 4076 - -365. Is p prime?
True
Suppose -9*h = -w - 14*h + 10803, 2*w = 2*h + 21654. Is w prime?
False
Let b(d) = -11*d**3 + 9*d**2 - 3*d + 2. Let z(f) = f**2 - 1. Let t(i) = b(i) - 5*z(i). Is t(-4) a composite number?
False
Let z(p) = -2287*p - 45. Is z(-4) composite?
False
Let t be 3/(-2)*8/3. Let u(c) = -c**3 + 2*c**2 + c - 9. Is u(t) a composite number?
False
Suppose 6*y = 2801 + 2953. Suppose y - 373 = 2*b. Is b prime?
True
Let s(g) = g**2 + g - 2. Let l be s(2). Suppose 5*a - 1172 = -4*b, b - l*a + 0*a = 293. Is b composite?
False
Let p(v) = 393*v**2 - 4*v - 2. Let k(c) = 787*c**2 - 7*c - 3. Let f(o) = 3*k(o) - 5*p(o). Is f(2) a prime number?
True
Let z = 14 - 6. Let q(b) = -b**3 + 8*b**2 - b + 10. Let i be q(z). Suppose 21 - 611 = -i*y. Is y composite?
True
Suppose -4*k = -0*s + 5*s - 22, 5*k - s = 13. Is 3 + 18*2/k prime?
False
Suppose 57*g - 53*g - 134191 = 3*t, -t = 1. Is g a prime number?
True
Let k be (11/(-4))/(2/(-8)). Let t(j) = 3*j**3 - 24*j**2 + 3*j + 26. Let z(l) = l**3 - 8*l**2 + l + 9. Let x(h) = k*z(h) - 4*t(h). Is x(4) composite?
True
Let o = 41250 + -26237. Is o a prime number?
True
Suppose -132 = -l + 4*l. Let j = 882 + l. Is j a composite number?
True
Suppose 4*d + 2*d - 18 = 0. Suppose d*u - 9 = -3*q, q = -0 - 2. Suppose -382 + 27 = -u*h. Is h prime?
True
Suppose -4*y - 3*o = -5, 0 = -o + 3 - 0. Let u(g) = 4*g**2 - 1. Let i be u(y). Suppose -i*q - n + 4*n + 168 = 0, 4 = 2*n. Is q composite?
True
Is 40745 - (0 - 72/(-6) - 8) prime?
False
Let d(r) = 19*r**2 + 47*r + 17. Is d(15) composite?
True
Let r = -34 + 45. Suppose -r*k + 6*k = -4445. Is k composite?
True
Suppose 7*y - 4*c = 2*y, -2*y + 18 = 2*c. Suppose -y*n - 1030 = -9*n. Let o = n + -100. Is o composite?
True
Suppose 3*z + 1424 = 5*z. Suppose 3*c = -c + z. Is c a prime number?
False
Suppose -31 + 22 = -3*k. Is 5/(-10)*((-12306)/k + 0) a prime number?
False
Let m(q) = 178*q**2 + 2*q + 6. Let v be m(3). Is 3/((-18)/v)*1*-1 a prime number?
True
Let q(u) = -5*u**3 - 10*u**2 - 6*u + 5. Suppose 0 = j + 15 - 7. Is q(j) a prime number?
True
Suppose -5*g = 4380 - 16345. Is g a composite number?
False
Suppose -2*u + 35875 = 3*q, -3*q = -0*u - 3*u - 35880. Is q composite?
False
Suppose 5*u + 6*o - 4*o = -808, 485 = -3*u - o. Let i = u - -229. Is i a prime number?
True
Let y(z) = z**2 + 12*z - 8. Suppose -o - 19 = -3*x, 4 = o + 5*x - 1. Let w be y(o). Let u = -17 - w. Is u a composite number?
False
Let i be (-1)/2 - (-9)/2. Let v(r) = -r + 7. Let w be v(i). Is (-206)/(w/((-3)/2)) prime?
True
Suppose -2*j + 0*i = 4*i, -5*j = 5*i + 15. Is (3 - 61578/(-21)) + j/21 composite?
True
Let n(d) = 12*d**2 + 5*d + 22. Is n(-3) composite?
True
Let b(o) = 114*o + 234. Let n(u) = 23*u + 47. Let d(y) = 2*b(y) - 11*n(y). Is d(-12) prime?
True
Let h(f) be the second derivative of -7*f + 7*f**2 + 5/2*f**3 + 0. Is h(7) a prime number?
False
Is (-6862635)/(-546) - (-2)/28 prime?
True
Let o = -41 - -65. Suppose -5*n - o = -619. Is n composite?
True
Is 0 + 3 - (-114)/(-19) - -21274 a composite number?
True
Suppose 656 = -2*a + 3*a - b, -5*a + 4*b + 3277 = 0. Let v = a + -160. Is v composite?
True
Suppose n = -1, -3*z - 73 = 2*n - n. Let w be (30/8)/(6/z). Is (-1254)/(-5) + (-3)/w prime?
True
Suppose -43346 = 6*u - 142316. Is u a composite number?
True
Suppose 0 = -2*n + 9*n - 39123. Let j = -3306 + n. Is j composite?
True
Let f = 504 - 871. Let q = 920 + f. Is q composite?
True
Suppose 0 = 4*c + 3*w - 4778, 2*w - 2 = 2. Is c a composite number?
False
Let y = -5793 - -18574. Is y a prime number?
True
Let t be 29/58 - (-26)/(-4). Let v(k) = -103*k + 13. Is v(t) a prime number?
True
Suppose 0 = 22*g - 25*g + 1131. Suppose 2*n - g = 29. Is n composite?
True
Let b(y) = 3*y**2 - 10*y + 12. Let m = 35 + -19. Let q be b(m). Is ((-3)/2)/((-30)/q) prime?
True
Suppose 5*p - p = 24. Let k be 18/15*20/p. Suppose 237 + 138 = 5*w + 5*u, k*u - 146 = -2*w. Is w prime?
False
Let i(g) = -159*g - 31. Let j(p) = 477*p + 93. Let c(v) = -7*i(v) - 2*j(v). Is c(14) prime?
False
Let c(v) = -3*v + 20. Let n be c(6). Suppose -5*g = 25, -5*g - 784 